What is the greatest common divisor of 95 and r?
5
Let u(t) = -350*t - 194. Let a be u(-1). Calculate the highest common factor of a and 24.
12
Suppose b = -2*b - 9. Suppose -2*f = 4*t + 484, 0 = -f - 2*t + 3*t - 239. Let r be b/(-2)*f/(-9). What is the highest common divisor of r and 8?
8
Let p be (-6)/(-45) - (2019/(-45) + 2). Suppose -13*h + p = -74. Calculate the highest common factor of h and 45.
9
Suppose 3*n - 246 - 159 = 0. Calculate the highest common factor of n and 720.
45
Let t be (5 + 4)/(15/6 - 1). What is the greatest common factor of 57 and t?
3
Suppose -4*b - 1 = -4*j + 7, -8 = -2*j - 2*b. Calculate the highest common factor of j and 57.
3
Suppose -2*b - 3270 = -7*b. Let m = b + -446. Suppose -4*n + m = 80. What is the greatest common divisor of 16 and n?
16
Let l = 4276 + -2298. What is the highest common divisor of 46 and l?
46
Let g be ((-2)/3)/(4/(-66)). Let k = g - -19. Let j = -4 - -9. What is the greatest common divisor of j and k?
5
Let t be (-3)/54*-4 + 1252/36. Let m be (-7)/t - (-228)/15. Calculate the highest common factor of 5 and m.
5
Suppose f = 13*t - 8*t + 854, -f + 4*t + 857 = 0. Calculate the greatest common divisor of f and 79.
79
Let w(s) = -5*s**2 + 6 + 0*s**2 + 4*s**2. Suppose -4*g + 5*f = -25, -3*f = -f + 10. Let y be w(g). Calculate the highest common divisor of y and 42.
6
Let w be (-6)/4*(56/(-6) + 2). Let o(z) = z**3 - 2*z + 11. Let f be o(0). What is the highest common factor of w and f?
11
Let b(i) be the third derivative of -i**5/60 - 3*i**4/4 - 7*i**3/6 - 20*i**2. Let f be b(-16). Calculate the greatest common factor of f and 225.
25
Let c(y) = y**2 - 2*y - 7. Let s be c(5). Suppose -h - 7 + 0 = 0. Let w = s + h. What is the greatest common divisor of w and 10?
1
Let m(v) = 2*v - 4. Let l be m(4). Suppose 0 = l*t + 8, 185 = 5*a + t + 57. What is the greatest common factor of a and 2?
2
Let p(r) = -2*r + 21. Let n be p(9). Let x be n/(42/8)*(-21)/(-6). Suppose -3*s + 25 - 1 = 0. Calculate the highest common factor of x and s.
2
Suppose 9 - 24 = 5*q. Let a be (3 + q - -4) + 9. Calculate the highest common factor of 91 and a.
13
Suppose 4*s = -5*q + 1529, -1148 = 136*s - 139*s - 4*q. Calculate the highest common divisor of s and 94.
94
Suppose 4*q = -g + 28, -3*q + 39 = 2*g + g. Let f = 23 + 41. Calculate the greatest common factor of f and g.
8
Let s be 86/(((-44)/6)/(-11)). Calculate the greatest common factor of 43 and s.
43
Suppose -4*q = -3*u - 184, -257 = -5*q - 2*u - u. Let c be (-2 - -4)/((-6)/(-9)). Suppose 4 = a - c. Calculate the greatest common factor of q and a.
7
Let j(t) = 108*t - 716. Let m be j(7). Suppose 2*k + 4*f + 6 = 0, -3*k - k + 3*f + 32 = 0. What is the highest common factor of m and k?
5
Let h be (30/(-25))/((-6)/15). Suppose h*j - 9 = -2*x, -x + 5 + 0 = j. Suppose -x*g - 144 = -10*g. What is the highest common factor of g and 9?
9
Suppose 0 = -9*p - 6 + 24. Suppose -p*d + 2*n = d - 194, -365 = -5*d - 5*n. Calculate the highest common divisor of 102 and d.
34
Suppose 10 = -k - n - 2*n, 5*k = 4*n - 12. Let p be 96/36 + k/(-3). What is the greatest common factor of 12 and p?
4
Suppose 47*n - 5*h + 133 = 50*n, 2*n - 57 = 3*h. What is the greatest common divisor of 114 and n?
6
Let g(h) be the second derivative of -h**5/20 - h**4/4 + 4*h**3/3 - 6*h**2 + 2*h. Let w be g(-6). Calculate the greatest common divisor of w and 192.
48
Suppose -2*x + x = -84. Suppose z + x - 308 = 0. Let d(m) = 4*m**3 - 3*m**2 + 33*m - 58. Let v be d(2). What is the highest common factor of v and z?
28
Let f = 475 + -279. Calculate the greatest common factor of f and 84.
28
Let r be -3*(-2)/3*(-214)/4. Let l = 269 + r. Calculate the highest common divisor of l and 18.
18
Let s = -1028 + 1043. Suppose 26 = 3*q - 64. Calculate the highest common factor of q and s.
15
Suppose -2*p - v = -2372, 6*p - 3*v = 9*p - 3561. Calculate the highest common divisor of p and 15.
15
Let k(t) = -6*t**2 + 4*t - 3. Let x be k(4). Let w = -56 - x. What is the highest common divisor of 27 and w?
27
Let h = 119 + -125. Let u be (144/(-32))/(-2*h/(-160)). Calculate the greatest common factor of 40 and u.
20
Suppose -5*g - 44 = -1594. What is the greatest common factor of 5 and g?
5
Let c be ((-24)/(-4) - 7)*-198. Calculate the greatest common divisor of 132 and c.
66
Let d(a) = -36*a + 656. Let q be d(0). What is the highest common divisor of q and 41?
41
Let k = 28 + 156. Calculate the greatest common factor of 16 and k.
8
Let h(q) = -7*q**2 + 18. Let l(k) = k**2 + k + 1. Let g(j) = -h(j) - 6*l(j). Let w be g(10). Calculate the greatest common factor of w and 24.
8
Let x = 137 - 228. Suppose -5*b + 0*l - 5*l - 195 = 0, 5*b + 191 = -3*l. Let t = b - x. Calculate the highest common factor of 36 and t.
18
Suppose 4*s = 5*w - 1 + 9, w = 3*s - 6. Let d be (50/70)/(s/14). Calculate the highest common factor of 40 and d.
5
Let v(o) = 6 - 5*o + 2*o**2 + 6*o - 2*o**2 + 2*o**2. Let a be v(4). Calculate the greatest common divisor of 462 and a.
42
Suppose -u + 8 = u. Let h be (27 + -1 - 4)*2/u. Calculate the highest common factor of h and 44.
11
Suppose -15*a + 3*s = -19*a + 177, s + 1 = 0. What is the highest common divisor of 495 and a?
45
Suppose 0 = 2*v + 5*p - 62, 12*v - 16*v - p + 88 = 0. What is the highest common factor of v and 1281?
21
Let v be ((-10)/5)/(1/(-2)). Suppose -c = c - v. Suppose 23 = x + c. What is the highest common factor of x and 42?
21
Suppose 3*f + f = 168. Let o = -25 + f. Suppose -11*j = -407 - 341. Calculate the highest common divisor of o and j.
17
Let p be 80/((-8)/(-3 - 1)). What is the highest common factor of p and 20?
20
Let x be -2 + 2 + 0 + 1. Let a = 1 + x. Suppose 3*w - 26 = c, -a*w = -w + 4*c + 13. What is the greatest common factor of w and 77?
7
Let u(t) = -2*t**2 + 56*t - 57. Let f be u(24). What is the greatest common divisor of f and 108?
27
Suppose -5 - 3 = -4*v. Let t be v/5 - 4606/(-35). Calculate the highest common factor of 12 and t.
12
Suppose 3*p = -2*p - 4*f + 16, 0 = 3*p + 5*f - 7. Suppose -p*u - 5*b = 5, -b + 2 = 4*u - 13. What is the highest common divisor of u and 10?
5
Suppose -534 - 12 = -39*z. Let a be 1 + 13 + -1 - -1. Calculate the highest common factor of z and a.
14
Let o be 2 - (-82)/((-1)/(-1)). Suppose -174*z + 168 = -160*z. What is the greatest common factor of z and o?
12
Let q(y) = 10*y**2 + 3*y + 6. Let c be (-58)/5 + (-2)/5. Let t be 66/c + 6/4. Let s be q(t). Calculate the highest common divisor of 14 and s.
14
Let h(f) = 20*f. Let l be 70/(-4)*8/(-14). Let g be h(l). What is the highest common factor of 25 and g?
25
Let n = 51 - 19. What is the greatest common divisor of n and 48?
16
Suppose -3*a + 5*j = -27, 0 = -5*a - 2*j + 3*j + 23. Suppose -2 = a*c - 5*c. Suppose -63 = -v - c*v. What is the highest common factor of 3 and v?
3
Let n = 25 + -40. Let b be (n - 15)*(-3)/2. Calculate the highest common divisor of b and 15.
15
Let q(h) = -2*h**3 - h - 4. Let r(a) = -a**3 + 8*a**2 + 11*a - 20. Let v be r(9). Let n be q(v). What is the highest common divisor of n and 14?
14
Suppose 4*d - 3 = -5*m, -4*d + 5*m - 4*m + 9 = 0. Let g be (-6)/(-10) - (d + 48/(-20)). Let z = -2 + 4. Calculate the highest common factor of z and g.
1
Suppose 17*p - 18*p = -3. What is the highest common factor of p and 5?
1
Let q be 1910/90 - (28/18)/7. Calculate the greatest common divisor of q and 175.
7
Let c be 16254/35 + (-24)/60. Calculate the highest common divisor of c and 29.
29
Let d(u) = -3*u + 14. Let j be d(0). Suppose -8*g + 5*k = -3*g, -2*g - k + 6 = 0. What is the highest common divisor of j and g?
2
Let m = 2588 + -1888. Calculate the highest common factor of m and 210.
70
Let t = 204 + -69. Let r = -56 - -71. Calculate the greatest common factor of t and r.
15
Let j be 20/4*((-8352)/(-15))/8. What is the greatest common divisor of 145 and j?
29
Suppose 3*t + 4 = 5*r - 4, -2*t - 2 = 0. Let v = r + 1. Suppose -3*u = v*s + u - 56, -4*u = 3*s - 80. Calculate the highest common divisor of s and 3.
3
Suppose 0 = -2*u + 5*u - 15. Suppose -5*a + 3 + 10 = -r, u*a - 7 = 4*r. Suppose a*c + c - 272 = 0. Calculate the greatest common factor of 17 and c.
17
Suppose 3*f + 4*t - 46 = 0, -8*f + 6*f + 3*t = -42. Calculate the highest common divisor of 225 and f.
9
Suppose -3*o + 260 + 